the remainder when 358360 is divided by 30?
10
Calculate the remainder when 17246 is divided by 17194.
52
Calculate the remainder when 4075 is divided by 663.
97
What is the remainder when 5068 is divided by 189?
154
What is the remainder when 55971 is divided by 27970?
31
Calculate the remainder when 3562 is divided by 34.
26
Calculate the remainder when 24127 is divided by 89.
8
What is the remainder when 17102 is divided by 184?
174
What is the remainder when 16100 is divided by 2168?
924
What is the remainder when 13353 is divided by 838?
783
Calculate the remainder when 16684 is divided by 8341.
2
What is the remainder when 33187 is divided by 36?
31
Calculate the remainder when 41085 is divided by 181.
179
What is the remainder when 375 is divided by 44?
23
Calculate the remainder when 12683 is divided by 975.
8
Calculate the remainder when 6800 is divided by 1594.
424
Calculate the remainder when 53875 is divided by 17939.
58
Calculate the remainder when 14843 is divided by 53.
3
Calculate the remainder when 3093 is divided by 622.
605
What is the remainder when 6882 is divided by 1178?
992
What is the remainder when 612443 is divided by 14?
13
Calculate the remainder when 129581 is divided by 106.
49
What is the remainder when 199879 is divided by 5?
4
Calculate the remainder when 128979 is divided by 238.
221
Calculate the remainder when 13137 is divided by 146.
143
Calculate the remainder when 2589 is divided by 417.
87
Calculate the remainder when 10205 is divided by 384.
221
What is the remainder when 453276 is divided by 9443?
12
What is the remainder when 41480 is divided by 13?
10
What is the remainder when 54108 is divided by 1285?
138
What is the remainder when 19508 is divided by 9705?
98
What is the remainder when 20611 is divided by 20589?
22
Calculate the remainder when 7998617 is divided by 10.
7
Calculate the remainder when 168576 is divided by 2.
0
What is the remainder when 575690 is divided by 20?
10
Calculate the remainder when 17745 is divided by 14.
7
Calculate the remainder when 32109 is divided by 35.
14
Calculate the remainder when 1942 is divided by 760.
422
What is the remainder when 225979 is divided by 279?
268
Calculate the remainder when 182422 is divided by 60807.
1
What is the remainder when 5943 is divided by 245?
63
What is the remainder when 194121 is divided by 194085?
36
Calculate the remainder when 29922 is divided by 35.
32
What is the remainder when 1355 is divided by 284?
219
Calculate the remainder when 1978236 is divided by 42.
36
Calculate the remainder when 435782 is divided by 19.
17
What is the remainder when 216152 is divided by 511?
510
What is the remainder when 203715 is divided by 19?
16
Calculate the remainder when 207016 is divided by 24.
16
What is the remainder when 3863 is divided by 3829?
34
What is the remainder when 6935 is divided by 391?
288
What is the remainder when 77996 is divided by 2435?
76
Calculate the remainder when 14892 is divided by 3273.
1800
What is the remainder when 477232 is divided by 11?
8
What is the remainder when 4579 is divided by 13?
3
Calculate the remainder when 353570 is divided by 363.
8
Calculate the remainder when 200949 is divided by 48.
21
What is the remainder when 112782 is divided by 29?
1
What is the remainder when 5628 is divided by 13?
12
Calculate the remainder when 3371 is divided by 112.
11
What is the remainder when 2626 is divided by 365?
71
Calculate the remainder when 7154767 is divided by 13.
9
What is the remainder when 2119 is divided by 206?
59
Calculate the remainder when 4240 is divided by 109.
98
What is the remainder when 435944 is divided by 62276?
12
What is the remainder when 4049 is divided by 2022?
5
Calculate the remainder when 536282 is divided by 14.
12
What is the remainder when 202193 is divided by 50539?
37
What is the remainder when 10047 is divided by 5023?
1
What is the remainder when 9712 is divided by 147?
10
Calculate the remainder when 70352 is divided by 81.
44
What is the remainder when 358 is divided by 347?
11
What is the remainder when 7107 is divided by 884?
35
Calculate the remainder when 670 is divided by 87.
61
Calculate the remainder when 8399 is divided by 120.
119
Calculate the remainder when 12191 is divided by 78.
23
What is the remainder when 741 is divided by 29?
16
Calculate the remainder when 77994 is divided by 780.
774
What is the remainder when 7009 is divided by 38?
17
What is the remainder when 520999 is divided by 949?
947
What is the remainder when 6826 is divided by 35?
1
Calculate the remainder when 7664 is divided by 1523.
49
What is the remainder when 86150 is divided by 897?
38
Calculate the remainder when 75949 is divided by 538.
91
What is the remainder when 30288 is divided by 23?
20
Calculate the remainder when 8457 is divided by 233.
69
Calculate the remainder when 2716 is divided by 107.
41
Calculate the remainder when 1476978 is divided by 7.
6
Calculate the remainder when 2105 is divided by 343.
47
Calculate the remainder when 291207 is divided by 100.
7
What is the remainder when 12059 is divided by 432?
395
What is the remainder when 232998 is divided by 78?
12
What is the remainder when 194664 is divided by 5407?
12
Calculate the remainder when 5563 is divided by 15.
13
What is the remainder when 3477537 is divided by 1452?
1449
What is the remainder when 1267237 is divided by 260?
257
What is the remainder when 3667 is divided by 528?
499
What is the remainder when 79457 is divided by 116?
113
What is the remainder when 287 is divided by 242?
45
Calculate the remainder when 241902 is divided by 15.
12
Calculate the remainder when 541984 is divided by 61.
60
What is the remainder when 27430 is divided by 216?
214
Calculate the remainder when 2891 is divided by 107.
2
What is the remainder when 1920 is divided by 922?
76
Calculate the remainder when 21671 is divided by 82.
23
Calculate the remainder when 7685 is divided by 1529.
40
Calculate the remainder when 10249 is divided by 5.
4
What is the remainder when 392 is divided by 346?
46
Calculate the remainder when 1556806 is divided by 44.
42
Calculate the remainder when 2275 is divided by 56.
35
What is the remainder when 88884 is divided by 145?
144
What is the remainder when 137048 is divided by 1246?
1234
What is the remainder when 2073 is divided by 523?
504
What is the remainder when 494925 is divided by 252?
249
Calculate the remainder when 2717 is divided by 297.
44
What is the remainder when 274735 is divided by 186?
13
What is the remainder when 23259 is divided by 5?
4
What is the remainder when 10039 is divided by 347?
323
What is the remainder when 1220 is divided by 149?
28
What is the remainder when 6403 is divided by 27?
4
Calculate the remainder when 22262 is divided by 28.
2
What is the remainder when 156638 is divided by 160?
158
What is the remainder when 326360 is divided by 4?
0
Calculate the remainder when 12120 is divided by 136.
16
What is the remainder when 1095 is divided by 60?
15
Calculate the remainder when 7582 is divided by 27.
22
What is the remainder when 3639 is divided by 148?
87
Calculate the remainder when 2192 is divided by 2191.
1
What is the remainder when 120925 is divided by 81?
73
Calculate the remainder when 782723 is divided by 37271.
32
Calculate the remainder when 1139 is divided by 10.
9
What is the remainder when 22818 is divided by 14?
12
What is the remainder when 17423 is divided by 559?
94
Calculate the remainder when 912241 is divided by 2756.
5
What is the remainder when 2930 is divided by 763?
641
Calculate the remainder when 1878 is divided by 505.
363
What is the remainder when 40628 is divided by 3384?
20
What is the remainder when 276942 is divided by 153?
12
Calculate the remainder when 1193329 is divided by 19.
15
Calculate the remainder when 6004 is divided by 3002.
0
Calculate the remainder when 10271 is divided by 91.
79
Calculate the remainder when 5238 is divided by 466.
112
Calculate the remainder when 683 is divided by 341.
1
What is the remainder when 1292 is divided by 1051?
241
What is the remainder when 2510 is divided by 311?
22
Calculate the remainder when 1148 is divided by 202.
138
What is the remainder when 4078 is divided by 88?
30